{"id":45,"date":"2023-04-15T13:42:18","date_gmt":"2023-04-15T10:42:18","guid":{"rendered":"http:\/\/medipohealthtravelagency.com\/?page_id=45"},"modified":"2023-04-17T23:08:36","modified_gmt":"2023-04-17T20:08:36","slug":"bize-ulasin","status":"publish","type":"page","link":"https:\/\/medipohealthtravelagency.com\/?page_id=45","title":{"rendered":"Bize Ula\u015f\u0131n"},"content":{"rendered":"\n<p>Haftan\u0131n her g\u00fcn\u00fc her saati 7\/24 bize ula\u015fabilirsiniz.<\/p>\n\n\n<style><\/style><address class=\"bp-contact-card\">\r\n                    \t\t<div class=\"bp-name\">\r\n\t\t\tMedipo Health Travel Agency\t\t<\/div>\r\n\t\t\r\n\t\t\r\n\t\t\t\t\t\t\t\t\r\n\t\t\r\n\t\t\r\n\t\t\t\t<div class=\"bp-address\">\r\n\t\t\tCevizli Mahallesi Zuhal Caddesi Ritim \u0130stanbul A5 Blok No: 46E\/55 Maltepe\/\u0130stanbul T\u00fcrkiye\t\t<\/div>\r\n\t\t\r\n\t\t\t\t<div class=\"bp-directions\">\r\n\t\t\t<a href=\"\/\/maps.google.com\/maps?saddr=current+location&daddr=Cevizli+Mahallesi+Zuhal+Caddesi+Ritim+%C4%B0stanbul+A5+Blok+No%3A+46E%2F55+Maltepe%2F%C4%B0stanbul+T%C3%BCrkiye\" target=\"_blank\">Get Directions<\/a>\r\n\t\t<\/div>\r\n\t\t\r\n\t\t<div class=\"bp-phone\">\r\n\t\t\t<a href=\"tel:+902166291500\">+902166291500<\/a>\r\n\t\t<\/div>\r\n\r\n\t\t\r\n\t\t<div class=\"bp-cell-phone\">\r\n\t\t\t<a href=\"tel:+902166291600\">+902166291600<\/a>\r\n\t\t<\/div>\r\n\r\n\t\t\r\n\t\t\t\t<div class=\"bp-contact bp-contact-email\">\r\n\t\t\t\t\t<a href=\"mailto:in&#102;o&#064;&#109;e&#100;i&#112;o&#104;&#101;&#097;lth&#116;&#114;a&#118;e&#108;a&#103;ency&#046;&#099;&#111;m\">in&#102;o&#064;&#109;e&#100;i&#112;o&#104;&#101;&#097;lth&#116;&#114;a&#118;e&#108;a&#103;ency&#046;&#099;&#111;m<\/a>\r\n\t\t\t\t<\/div>\r\n\r\n\t\t\t\r\n\t\t\t\r\n\t\t\r\n\t\t<div id=\"bp-map-0\" class=\"bp-map\" data-name=\"Medipo Health Travel Agency\" data-address=\"Cevizli Mahallesi Zuhal Caddesi Ritim \u0130stanbul A5 Blok No: 46E\/55 Maltepe\/\u0130stanbul T\u00fcrkiye\"  data-phone=\"+902166291500\"><\/div>\r\n\r\n\t\t    <script type=\"application\/ld+json\">\r\n        {\"@type\": \"MedicalBusiness\",\"image\": \"https:\/\/medipohealthtravelagency.com\/wp-content\/uploads\/2023\/04\/medipo_logo.png\",\"name\": \"Medipo Health Travel Agency\",\"description\": \"\",\"url\": \"https:\/\/medipohealthtravelagency.com\",\"address\" : {\"@type\": \"PostalAddress\",\"name\": \"Cevizli Mahallesi Zuhal Caddesi Ritim \u0130stanbul A5 Blok No: 46E\/55 Maltepe\/\u0130stanbul T\u00fcrkiye\"},\"contactPoint\": [{\"@type\": \"ContactPoint\",\"contactType\": \"Telephone\",\"telephone\": \"+902166291500\"},{\"@type\": \"ContactPoint\",\"contactType\": \"Cell Phone\",\"telephone\": \"+902166291600\"}],\"hasMenu\": \"\",\"email\": \"in&#102;o&#64;&#109;e&#100;i&#112;o&#104;&#101;&#97;lth&#116;&#114;a&#118;e&#108;a&#103;ency&#46;&#99;&#111;m\",\"@context\": \"https:\/\/schema.org\/\"}    <\/script>\r\n<\/address>\n","protected":false},"excerpt":{"rendered":"<p>Haftan\u0131n her g\u00fcn\u00fc her saati 7\/24 bize ula\u015fabilirsiniz.<\/p>\n","protected":false},"author":1,"featured_media":0,"parent":0,"menu_order":3,"comment_status":"closed","ping_status":"closed","template":"","meta":{"site-sidebar-layout":"default","site-content-layout":"default","ast-global-header-display":"","ast-main-header-display":"","ast-hfb-above-header-display":"","ast-hfb-below-header-display":"","ast-hfb-mobile-header-display":"","site-post-title":"","ast-breadcrumbs-content":"","ast-featured-img":"","footer-sml-layout":"","theme-transparent-header-meta":"","adv-header-id-meta":"","stick-header-meta":"","header-above-stick-meta":"","header-main-stick-meta":"","header-below-stick-meta":"","footnotes":""},"_links":{"self":[{"href":"https:\/\/medipohealthtravelagency.com\/index.php?rest_route=\/wp\/v2\/pages\/45"}],"collection":[{"href":"https:\/\/medipohealthtravelagency.com\/index.php?rest_route=\/wp\/v2\/pages"}],"about":[{"href":"https:\/\/medipohealthtravelagency.com\/index.php?rest_route=\/wp\/v2\/types\/page"}],"author":[{"embeddable":true,"href":"https:\/\/medipohealthtravelagency.com\/index.php?rest_route=\/wp\/v2\/users\/1"}],"replies":[{"embeddable":true,"href":"https:\/\/medipohealthtravelagency.com\/index.php?rest_route=%2Fwp%2Fv2%2Fcomments&post=45"}],"version-history":[{"count":1,"href":"https:\/\/medipohealthtravelagency.com\/index.php?rest_route=\/wp\/v2\/pages\/45\/revisions"}],"predecessor-version":[{"id":46,"href":"https:\/\/medipohealthtravelagency.com\/index.php?rest_route=\/wp\/v2\/pages\/45\/revisions\/46"}],"wp:attachment":[{"href":"https:\/\/medipohealthtravelagency.com\/index.php?rest_route=%2Fwp%2Fv2%2Fmedia&parent=45"}],"curies":[{"name":"wp","href":"https:\/\/api.w.org\/{rel}","templated":true}]}}